+ 5)). Suppose 254 = 11*z - p. What is the greatest common factor of z and 7?
7
Let w(t) = 2*t**2 + 1. Let x be w(-3). Let n = -20 - -34. Let f be n*-1*(-133)/14. What is the highest common factor of f and x?
19
Let h be (-1)/1*(16 + -33). Calculate the highest common factor of 1 and h.
1
Let b(s) = s**2 - 40. Let h(c) = -10*c - 9. Let q be h(0). Let o be b(q). Calculate the greatest common factor of o and 123.
41
Let i(m) = -10*m - 300. Let u be i(-40). What is the greatest common factor of u and 60?
20
Suppose 0 = -9*c + 12*c - 351. Suppose 59*j - 62*j = -c. Calculate the greatest common divisor of j and 13.
13
Let w(t) = 11*t - 87. Let i be w(10). Calculate the greatest common factor of i and 69.
23
Let a be ((-135)/(-12))/(5 + 5590/(-1120)). What is the greatest common divisor of a and 15?
15
Let l(w) = 12*w + 11. Let n be l(0). Suppose -5*a = n*a - 608. What is the greatest common factor of a and 19?
19
Let r be 175/10 + 5 - (-4)/8. What is the highest common divisor of r and 23?
23
Let p = 2053 - 2037. Let g = 87 - -25. What is the greatest common divisor of g and p?
16
Let l(h) = -65*h + 470. Let f be l(7). Calculate the greatest common divisor of f and 15.
15
Suppose -4*g = 3*u + u - 220, -3*g + 4*u + 158 = 0. Calculate the greatest common factor of 90 and g.
18
Let j be -2 + 1 + 92 - 1. Suppose 6*u = u + j. Let n be (-132)/(-5) - (-51)/85. What is the greatest common factor of u and n?
9
Let r = 59 - 31. Let l(t) = -25*t - 38. Let y = -79 + 73. Let a be l(y). What is the greatest common divisor of a and r?
28
Suppose 0*u = -u + 18. Let k be 5/15*789 - 1. Suppose -5*d - 6*m + k = -2*m, 116 = 2*d - 4*m. What is the highest common divisor of u and d?
18
Let n = -5 - -19. Suppose 307 = 11*i - 1. What is the greatest common factor of n and i?
14
Let f be 1*33 - (-17 + 18). Let j = 114 + -106. Calculate the greatest common factor of j and f.
8
Suppose h + 552 = 2*a, -2*a + 241 + 311 = -2*h. Calculate the greatest common factor of 24 and a.
12
Let m be (-15)/(-1)*(7 - 0). Let u be ((-8)/4 - -2) + m. Suppose -z + 37 = 5*b, 163 = 4*z + 3*b + 2*b. What is the highest common divisor of z and u?
21
Let t be (-54)/(-4) + (-4 - -2)/4. Suppose -6*j = -t - 89. Calculate the greatest common divisor of 153 and j.
17
Let f = 26 - 19. Suppose 0*o + 490 = f*o. Let k(r) = 2*r - 18. Let m be k(14). What is the highest common factor of m and o?
10
Let a = 3 + 17. Suppose 0 = 5*h + 5*p - 715, -9*h + 11*h = 5*p + 265. Calculate the greatest common factor of h and a.
20
Let r(m) = -114*m - 180. Let o be r(-12). What is the highest common factor of 24 and o?
12
Let t(c) = -63*c + 383. Let x be t(6). What is the highest common factor of 145 and x?
5
Let g = 0 + 3. Suppose -4 - 41 = -g*b. Suppose -2*h + b + 9 = 0. Calculate the greatest common divisor of h and 18.
6
Let z be (-24)/10*(5/(-10) - 2). Calculate the greatest common divisor of z and 156.
6
Let s(r) be the third derivative of r**5/60 - r**4/2 + 13*r**3/6 + 7*r**2. Let b be s(12). What is the greatest common factor of 13 and b?
13
Suppose -z - 4*x = 12, -5*x = -5*z + 24 + 16. Let h be 1*(-2 - (z/(-4) + -2)). What is the greatest common divisor of 7 and h?
1
Suppose -12*o + 152 - 56 = 0. What is the greatest common factor of 88 and o?
8
Suppose 2*y - 5*y = 0. Suppose 2*v = -y*v + 16. Let i be 96/44 + (-2)/11. What is the highest common divisor of v and i?
2
Suppose 97*p - 143*p = -644. Let u = 6 + -4. Calculate the greatest common divisor of p and u.
2
Let r(o) = -o**3 + 3*o**2 + 4*o - 5. Let n be r(4). Let s(g) = -2*g**3 - 4*g**2 - 6*g. Let v be s(n). What is the greatest common divisor of 36 and v?
36
Let s = 104 + -100. Let p(u) = u**2 + 6*u + 4. Let m be p(-6). Suppose 2*l - 80 = -4*q, -m*q - s*l + 94 = q. What is the highest common divisor of q and 44?
22
Let d be -5 + 4 - 87/(-6)*18. Calculate the greatest common divisor of 52 and d.
52
Suppose -654*j - 108 = -657*j. What is the greatest common divisor of 27 and j?
9
Suppose 0 = 5*m + 3*n - 2*n + 47, -m - 5*n = 19. Let a(v) = -v**2 - 11*v - 7. Let g be a(m). Calculate the highest common factor of g and 11.
11
Let m = -55 + 82. Let v be 2/(-9) + 87/m. Calculate the highest common factor of 6 and v.
3
Let d be (36 - 0)*2/4. Let r = -191 + 371. Calculate the highest common divisor of r and d.
18
Let t = 0 - -3. Let n(x) = -x**3 - 16*x**2 - 18*x - 21. Let i be n(-15). Calculate the highest common divisor of t and i.
3
Suppose 4*b + 47 = 127. Let g = b - 6. Calculate the greatest common factor of g and 112.
14
Let u = 545 - 104. Suppose -d - u = -3*d - 5*l, -10 = -2*l. What is the highest common factor of 26 and d?
26
Suppose -90 = -174*x + 168*x. Calculate the greatest common divisor of 195 and x.
15
Suppose 40*f - 9*f = 8990. Calculate the highest common factor of f and 29.
29
Let k be (510/(-323))/15 + (-878)/(-38). What is the greatest common factor of k and 207?
23
Let q = -125 + 425. Calculate the greatest common divisor of q and 180.
60
Let s = -34 + 30. Let r be 1*((-44)/s - -4). Let t(g) = 74*g**2 - 2*g - 1. Let f be t(-1). What is the highest common divisor of r and f?
15
Let m be 3*26*(-2)/(-6). Let a(c) = c**2 - 3*c - 5. Let q be a(6). Calculate the greatest common factor of q and m.
13
Suppose 81 = k + 78. Suppose k*r + 21 = 5*l, -r + 6*r - 45 = -5*l. Calculate the greatest common factor of l and 54.
6
Let f(g) = 3*g**2 - 3*g + 2. Let i be f(2). Let p = 3685 - 3613. Calculate the greatest common divisor of i and p.
8
Suppose 7*j + s - 499 = 6*j, 4*j + s - 1984 = 0. Calculate the greatest common factor of 385 and j.
55
Let m = -37 + 39. Let u = 3 - 1. Suppose -2*g + m*i = -7*g, -4*g - u*i = 2. Calculate the highest common divisor of 10 and g.
2
Let z be (-4)/(-12) - 70/(-15). Calculate the greatest common factor of z and 205.
5
Let o be 5/(-3) - (-1 - 65/3). Calculate the greatest common factor of 651 and o.
21
Suppose 2*t - 694 = 2*a, t + 4*a - 322 = -0*t. Calculate the highest common divisor of 76 and t.
38
Let g(o) = -2*o - 57. Let a be g(-29). What is the greatest common factor of 7 and a?
1
Let r = 264 + -205. Calculate the greatest common divisor of r and 1.
1
Suppose -5*m = 6*u - 3*u - 26, -5*u = -2*m - 2. Let y be (-3)/u*544/(-51). Calculate the highest common divisor of y and 32.
16
Suppose -3*u = 17 - 35. Suppose 0 = -5*z + u*z - 14. Calculate the greatest common factor of 7 and z.
7
Let h be (3 + 7)*24/5. What is the highest common factor of h and 16?
16
Suppose -10 = -h - 2*y - 1, y = -3*h + 2. Let z(j) = -209*j**3 - j**2 - 2*j. Let r be z(h). Calculate the highest common divisor of r and 30.
30
Let q(t) = -t**3 - 15*t**2 - 30*t - 28. Let s be q(-13). Calculate the highest common divisor of 64 and s.
8
Let j(g) = -g + g + 0 + 4 + g. Let f be j(0). Calculate the highest common divisor of f and 28.
4
Let y = 1057 - 986. Calculate the highest common factor of y and 3053.
71
Suppose i = 8 - 5. Suppose 5*n - 5*g + 4*g = 15, 15 = 5*n - 3*g. What is the greatest common factor of i and n?
3
Let i(t) be the third derivative of -t**6/60 - 3*t**5/10 - t**4/8 - 4*t**3/3 - 44*t**2. Let b be i(-9). What is the highest common divisor of 114 and b?
19
Let k = 93 + -153. Let q = -27 - k. What is the greatest common factor of 55 and q?
11
Suppose 5*h - 5*w + 10 = 0, -h + 2*h - 13 = -2*w. Suppose p + 9 = 4*p. Let q = p + -1. Calculate the greatest common divisor of h and q.
1
Let h be 4 - (-17 + (-1 - 4)). Let o = 30 - h. What is the greatest common divisor of o and 10?
2
Let l be (26 - (3 + -2)) + -6. Suppose -b - 20 = -d, 53 = d + 2*d + 4*b. Calculate the greatest common factor of l and d.
19
Let m(x) = -x**2 + 6*x - 1. Let t be m(5). Suppose h = -t*h, -2*g + 62 = -h. Suppose -11 = -2*p + g. What is the highest common divisor of 21 and p?
21
Let u(i) = 2*i**2 - 6*i + 7. Let f = -42 + 49. Let z be u(f). Let k be (-29)/(-4) - (-1)/(-4). Calculate the highest common divisor of z and k.
7
Let t(y) = -y**2 - 43. Let s be t(0). Let m = s + 81. Calculate the highest common factor of m and 190.
38
Let v be 1/(10/(-4) + 2). Let m(g) = -10*g - 3. Let p be m(v). Suppose 0 = -17*s - 1428 + 4607. What is the highest common divisor of s and p?
17
Let z(j) = -j**3 - 26*j**2 - j - 5. Let c be z(-26). Let n(s) = s**2 + 6*s - 13. Let v be n(-9). What is the gr